{"id":477,"date":"2025-03-26T13:21:16","date_gmt":"2025-03-26T12:21:16","guid":{"rendered":"https:\/\/www.greenwin.tech\/forms\/?page_id=477"},"modified":"2025-03-27T16:40:16","modified_gmt":"2025-03-27T15:40:16","slug":"wngo","status":"publish","type":"page","link":"https:\/\/www.greenwin.tech\/forms\/?page_id=477","title":{"rendered":"W!nGO"},"content":{"rendered":"\n<p>Formulaire de candidature au W!nGO de l&rsquo;Industrie, destin\u00e9 aux doctorants en fin de th\u00e8se, aux post-doc et aux chercheurs confirm\u00e9s, organis\u00e9 par GreenWin avec le soutien du r\u00e9seau LiEU, <strong>d<\/strong>e Synhera\u00a0et de Wal-Tech dans le cadre de Circular Wallonia<\/p>\n\n\n<div class=\"everest-forms\"><script type='text\/javascript'>\n\/* <![CDATA[ *\/\nvar evf_settings = {\"currency_code\":\"EUR\",\"currency_thousands\":\".\",\"currency_decimal\":\",\",\"currency_symbol\":\"\\u20ac\",\"currency_symbol_pos\":\"right\"}\n\/* ]]> *\/\n<\/script>\n<p class=\"everst-forms-form-disable-notice everest-forms-notice everest-forms-notice--info\">This form is disabled.<\/p><\/div>","protected":false},"excerpt":{"rendered":"<p>Formulaire de candidature au W!nGO de l&rsquo;Industrie, destin\u00e9 aux doctorants en fin de th\u00e8se, aux post-doc et aux chercheurs confirm\u00e9s, organis\u00e9 par GreenWin avec le soutien du r\u00e9seau LiEU, de Synhera\u00a0et de Wal-Tech dans le cadre de Circular Wallonia<\/p>\n","protected":false},"author":1,"featured_media":0,"parent":0,"menu_order":0,"comment_status":"closed","ping_status":"closed","template":"","meta":[],"_links":{"self":[{"href":"https:\/\/www.greenwin.tech\/forms\/index.php?rest_route=\/wp\/v2\/pages\/477"}],"collection":[{"href":"https:\/\/www.greenwin.tech\/forms\/index.php?rest_route=\/wp\/v2\/pages"}],"about":[{"href":"https:\/\/www.greenwin.tech\/forms\/index.php?rest_route=\/wp\/v2\/types\/page"}],"author":[{"embeddable":true,"href":"https:\/\/www.greenwin.tech\/forms\/index.php?rest_route=\/wp\/v2\/users\/1"}],"replies":[{"embeddable":true,"href":"https:\/\/www.greenwin.tech\/forms\/index.php?rest_route=%2Fwp%2Fv2%2Fcomments&post=477"}],"version-history":[{"count":2,"href":"https:\/\/www.greenwin.tech\/forms\/index.php?rest_route=\/wp\/v2\/pages\/477\/revisions"}],"predecessor-version":[{"id":482,"href":"https:\/\/www.greenwin.tech\/forms\/index.php?rest_route=\/wp\/v2\/pages\/477\/revisions\/482"}],"wp:attachment":[{"href":"https:\/\/www.greenwin.tech\/forms\/index.php?rest_route=%2Fwp%2Fv2%2Fmedia&parent=477"}],"curies":[{"name":"wp","href":"https:\/\/api.w.org\/{rel}","templated":true}]}}